*n + 414. What are the prime factors of n?
3, 23
Let b(p) = p**3 - 6*p**2 - 13*p - 12. Let o = 42 - 30. Let s be b(o). Suppose -s = -9*d + 3*d. What are the prime factors of d?
2, 29
Let s = 23 - 18. Let l(z) = 11*z + 2. Let x be l(s). What are the prime factors of x/(-19)*64/(-3)?
2
Let a(w) be the second derivative of 2*w**4/3 - 41*w**3/6 + 8*w**2 - 72*w. List the prime factors of a(9).
5, 59
Suppose -19*o = -18*o - 13. Suppose 7*q + o = -43. What are the prime factors of (6 - 2)*q*-1?
2
Let a be -234 + 5 - (-5 + 2). Let h = a + -21. Let c = -140 - h. What are the prime factors of c?
107
Let c(t) = -2*t + 19. Let l be c(8). Let q(i) = 24*i**2 - 3*i + 15. Let z(w) = -24*w**2 + 3*w - 16. Let p(g) = -4*q(g) - 5*z(g). List the prime factors of p(l).
227
What are the prime factors of ((-13495)/25 + -8)*4/(20/(-25))?
3, 11, 83
Suppose 10*m - 17 - 13 = 0. List the prime factors of m + -2 - (-275 + 16).
2, 5, 13
Let a(w) = 2*w**3 - 10*w**2 + 0*w**2 - 53*w**3 - 1 + 11*w**2. List the prime factors of a(-1).
3, 17
Suppose 26*x + 20*x = 4*x + 534534. What are the prime factors of x?
11, 13, 89
Suppose -41 = -h - 41. Suppose -10*i + 2464 - 114 = h. What are the prime factors of i?
5, 47
Let z(d) = -d**3 - 19*d**2 - 2*d - 25. Let t be z(-19). Let s(q) = -q**3 + 16*q**2 + 2*q - 4. List the prime factors of s(t).
23
Let o be 3 + 6*(1 + (-3)/(-18)). What are the prime factors of 4/o + (-80249)/(-65)?
5, 13, 19
Let x(j) = -2*j**3 + 14*j**2 + 170*j + 1. What are the prime factors of x(-19)?
3, 11, 157
Suppose -2*k = -p + 2*k + 10441, -41840 = -4*p - 3*k. What are the prime factors of p?
10457
Let n = -3701 - -6842. List the prime factors of n.
3, 349
Suppose 29*p - 11893 = 27402. List the prime factors of p.
5, 271
Let x(h) = -29*h**3 + 3*h**2 - 10*h - 35. What are the prime factors of x(-6)?
6397
What are the prime factors of -8 + 59/((-118)/(-97932))?
2, 7, 13, 269
Let i = -670 - -978. List the prime factors of i.
2, 7, 11
Suppose -2*k = -3*i - 3, 0 = 5*i - 3*k + 4. Let g be (61 - 4) + -4*i. Suppose 3*b - 22 = g. List the prime factors of b.
5
Let f be (0/6)/(-4) + -2 + 2137. What are the prime factors of f/14*(-3 - 92/(-20))?
2, 61
Let w = -892 - -890. List the prime factors of (w + 5 + 1862)/(1 + 0).
5, 373
Suppose 0 = -5*c - 5*x + 50310, -71*x + 74*x = -4*c + 40248. What are the prime factors of c?
2, 3, 13, 43
Let b(h) = 205*h**3 + 4*h**2 + 13*h + 6. What are the prime factors of b(5)?
2, 6449
Let q(j) = 6*j**2 + 3*j - 2. Let f = 25 + -24. Let x be q(f). Suppose 239 = 8*n + x. List the prime factors of n.
29
Let p = 35 + -33. Suppose -p*v = -5 + 1. Suppose 5*x - 117 = -4*h, -3*x - 88 = -v*h - 13. List the prime factors of h.
3, 11
Suppose -4*n = -5*m - 27144, -33959 = -5*n + 3*m - 4*m. List the prime factors of n.
6791
Let x(p) = 6013*p**2 + 49*p + 136. What are the prime factors of x(-3)?
2, 13, 2081
Let p be (-15)/(-2)*(5 + -7). What are the prime factors of 2/p - 12968/(-60)?
2, 3
Let i(y) = y + 27. Let u be i(-12). Let l = u - 15. Suppose 0 = 4*d + 2*k - 287 - 49, d + 4*k - 84 = l. What are the prime factors of d?
2, 3, 7
Suppose 6*r - 2*r + 13*m = 2805, m = -5*r + 3430. List the prime factors of r.
5, 137
Let z be (-7)/(-28)*(-3 + -1). List the prime factors of z/(18/(-1317)) + (-2)/12.
73
Suppose -1038 = -9*d + 6747. Suppose -4*h - d = -261. Let y = h - -241. List the prime factors of y.
2, 3, 5
Let x(j) = -155*j - 5378. List the prime factors of x(-68).
2, 29, 89
Let b(d) = -d**3 + 3*d**2 - 2*d + 5. Let x be b(2). Suppose 133 + 23 = z + x*t, 5*t + 524 = 4*z. List the prime factors of z.
2, 17
Suppose 3*w - 5*w + 6 = 0. Let q(f) = 145*f - 73. What are the prime factors of q(w)?
2, 181
Suppose -1439*w + 1441*w = c - 284, 3*w + 398 = -2*c. Let a(o) = -164*o. Let n be a(-2). Let m = n + w. List the prime factors of m.
2, 5, 19
Suppose 0 = 2*p + p - 198. Suppose 5*y = -4*z + 162, -2*y + p = z + z. Suppose -5*c = -y + 5. What are the prime factors of c?
5
Suppose 0 = 48*m - 45*m - 768. List the prime factors of (-39)/13 + (m - 3).
2, 5
Let s(f) = -f**3 - 3*f**2 + 8*f - 2. Suppose 5*l - 5 = 5. Suppose -a = -3*g - 26 + 3, g = -l*a + 4. What are the prime factors of s(g)?
2, 29
Suppose 1445 = -29*w + 34*w. Suppose w + 61 = 5*d. Suppose -y + 2*g + d = 0, 64 + 155 = 3*y - 3*g. What are the prime factors of y?
2, 19
Let f(z) = -z**3 + 69*z**2 - 209*z + 183. What are the prime factors of f(59)?
2, 3, 1259
Let t(z) = 194*z + 137. What are the prime factors of t(5)?
3, 41
Suppose 0 = -4*s + 4*t - 300, 0 = 3*s - 2*t - 0*t + 227. Let g = -84 - s. What are the prime factors of (2/(-2) - g)*54/2?
2, 3
Suppose -7117 = -11*x + 1562. Suppose -x*t = -785*t - 796. List the prime factors of t.
199
Let b(h) = -6*h**3 - 20*h**2 - 89*h + 114. List the prime factors of b(-24).
2, 3, 4093
Let j(d) = 6*d**2 + 2*d + 9. Let w = -38 + 31. Let r = w - -11. List the prime factors of j(r).
113
Let w = 77063 - 42430. What are the prime factors of w?
59, 587
Let g(h) = -2*h**3 + 5*h**2 - 115*h - 22. List the prime factors of g(-9).
2, 719
Let o = 86494 - 48162. List the prime factors of o.
2, 7, 37
Suppose 0*d = -4*d - 3*q + 75, -4*q - 96 = -4*d. Suppose -16 = w - d. Suppose w*m - 158 = -4*l, 0*m - 3*m = 3*l - 117. What are the prime factors of l?
37
Let c(w) = 2*w**3 + 20*w**2 - 11*w - 4. Let u be c(-10). Suppose -102 + u = p. What are the prime factors of (-1345)/(-20) + 3/p?
2, 17
What are the prime factors of ((-321200)/(-66) + 26)*6/4?
41, 179
Suppose -6*n - 240 = -m - 11*n, 0 = 3*n - 15. Let t = 765 - m. Let k = t + -346. List the prime factors of k.
2, 3, 17
Let f(u) = 4*u + 36. Let a(k) = 2*k**2 - 37*k + 3. Let t be a(18). Let i be f(t). Let g = 121 + i. List the prime factors of g.
97
Let f = 4067 + -1900. Suppose -4*g = 2*o - 3*o - f, -4*g = -3*o - 2157. Suppose -3*j + 217 = -5*d, -5*j - 164 = -4*d - g. What are the prime factors of j?
79
List the prime factors of (-22)/(-8) + (-60947427)/(-1388).
43913
Let n = 74621 + -42635. What are the prime factors of n?
2, 3, 1777
Let k = 2099 - 996. What are the prime factors of k?
1103
Suppose -2*p - 2*n + 23536 = 0, 23522 = 82*p - 80*p - 5*n. List the prime factors of p.
2, 3, 37, 53
Suppose 667 = -3*f - c, 20*c = 16*c - 4. Let o = -17 - f. List the prime factors of o.
5, 41
Let w(q) = -5*q**2 - 8*q - 2. Let g(b) = -11*b**2 - 17*b - 4. Let v(t) = 4*g(t) - 9*w(t). Let h be v(-3). What are the prime factors of h/(-2*(-4)/(-1488))?
2, 3, 31
Let p(o) = 105*o**2 - 2*o - 8. Let n(i) = -314*i**2 + 6*i + 23. Let r(c) = -4*n(c) - 11*p(c). What are the prime factors of r(-4)?
2, 3, 5
Suppose 1 = -o + 5. Suppose 5*m + 4*b - 10 + 50 = 0, -2*m = o*b + 4. Let g = 74 - m. What are the prime factors of g?
2, 43
Let w be (-9)/(1/2*-1). Let y = 57 + w. Let r = -32 + y. List the prime factors of r.
43
Suppose 0 = 34*c - 132*c + 29*c + 130479. List the prime factors of c.
31, 61
Suppose -8*i + 11034 = -18582. What are the prime factors of (i/(-15))/(((-28)/(-35))/(-2))?
617
Let q(b) = 3*b**2 - 4*b - 1. Let s be q(2). Suppose -s*n + 3*g + 120 = 0, 0 = 3*n + 5*g + 60 - 204. Let v = n - 6. What are the prime factors of v?
37
Suppose -2*t - l = 1317, 5*t + 4*l = 119 - 3416. Let u = 1510 + t. List the prime factors of u.
853
Let o be 24/27*21/28*-6. What are the prime factors of 15432/66 - o/22?
2, 3, 13
Let g = -21306 - -51071. What are the prime factors of g?
5, 5953
Let r(k) = -k**2 + 25*k - 2. Let i be r(20). Let t = i + -96. What are the prime factors of ((-4120)/(-60))/(t/6)?
2, 103
What are the prime factors of 635 + (-27)/(-2 - 7)?
2, 11, 29
Let k(l) = 4622*l**2 - 100*l - 201. List the prime factors of k(-2).
7, 19, 139
Let v(y) = 41*y + 32 + 42*y + 8 - 80*y. Let k be v(-12). Suppose k*j - 133 = 59. List the prime factors of j.
2, 3
Let y(x) = x**3 + 18*x**2 + 12*x - 54. Let k be y(-17). Suppose -a - 20520 = -k*a. What are the prime factors of a?
2, 3, 19
Let r(h) = -8*h - 4. Let c be (0 + -1)/(2/(-4)). Suppose j = 2*i - 17, -c*j + 4*i + i = 36. List the prime factors of r(j).
2, 5
Let l(k) = 29190*k**3 - 3*k**2 + 19*k - 18. List the prime factors of l(1).
2, 7297
Let t(u) be the second derivative of u**4/4 - 5*u**3/6 + 5*u**2/2 - 44*u + 1. List the prime factors of t(8).
157
Let h(i) = 386*i**2 - 50*i + 35. List the prime factors of h(6).
43, 3